 + 30*p - 5 - 1 - 1. What are the prime factors of k(v)?
5, 43
Suppose g + x - 14 = 0, 6 = 3*g + 4*x - 37. Let z = 21 - g. Suppose z*s = 2*s + 774. What are the prime factors of s?
3, 43
Suppose 5*i = -2*x + 10592, -9*i + 5311 = x - 4*i. What are the prime factors of x?
5281
Suppose -8*f + 3*f - 25 = 0, 2*w - 3*f = 41. Let o(m) = 36*m + 3. Let d be o(1). Let z = d - w. List the prime factors of z.
2, 13
Suppose -4*t + 5*i = -24129, -5*t + 10*i = 4*i - 30161. List the prime factors of t.
37, 163
Let p = -4165 - -8073. List the prime factors of p.
2, 977
Suppose 13*j - 230 = 11*j. Let i = j - 110. Suppose 2*d = -i*w + 67, 53 = -4*d + 7*d - 2*w. List the prime factors of d.
3, 7
Let u(y) = -63*y**3 - 2*y**2 + 3*y + 3. Suppose 3*o - 6*a + 4*a + 12 = 0, -o + 1 = a. List the prime factors of u(o).
17, 29
Let w(c) be the first derivative of -9*c**2/2 + 13*c - 15. Let p be w(-11). Suppose 4*b + 45 = y + 160, 4*b - 4*y - p = 0. List the prime factors of b.
29
Let z be 3 - ((-15)/25 + 3/5). Let p be (-36)/270 + z/(45/47). Suppose 2*k + p*o - 397 = -2*o, 5*k = 5*o + 940. What are the prime factors of k?
191
What are the prime factors of (-11)/3 + (40 - (-3864660)/90)?
11, 3907
Let o(c) = 5*c**2 - 27*c + 12. Let a be o(5). Suppose 393 = 5*t + 2*u, t - 238 = -a*t + u. What are the prime factors of t?
79
Let g(k) = 9*k + 300. Let h be g(-32). Suppose 17*f - h*f - 3165 = 0. What are the prime factors of f?
3, 211
Suppose 0 = -3*h + s - 138298 - 14992, 2*h + 102202 = 5*s. List the prime factors of (-4)/22 + (-17)/(1122/h).
2, 3, 43
Suppose 407*r - 151768 = 403*r. What are the prime factors of r?
2, 61, 311
Suppose -20*w + 17046 = -2*w. List the prime factors of w.
947
Suppose 4*s - 444 = -316. Suppose s*w = 6*w + 11518. What are the prime factors of w?
443
Let f be 185/222 - (-2023)/6. Let z = f + -179. List the prime factors of z.
3, 53
Let g(x) = -102*x - 879. What are the prime factors of g(-47)?
3, 5, 29
Suppose -i + w = 138, 135 = -i + 2*w - 0*w. Suppose 2*v + 4*v + 1572 = 0. Let c = i - v. What are the prime factors of c?
11
What are the prime factors of 9/((-54)/(-1992))*20?
2, 5, 83
Let k(x) = -3*x - 73. Let p be k(-39). Let r be 5*(30/25)/(-2). What are the prime factors of 2900/p + r/(-33)?
2, 3, 11
Let h(k) = 10*k - k**3 + 4*k**2 + 2*k**3 + 12 + 6*k**2. Let l be h(-9). Let j(p) = 22*p + 3. List the prime factors of j(l).
3, 23
Suppose -2*w - 7*p + 5459 = -12*p, -2*w + 5486 = 4*p. List the prime factors of w.
7, 17, 23
Let k = 546 + -541. Suppose -4*a + l = -696 - 787, -5*a = k*l - 1885. List the prime factors of a.
2, 3, 31
Suppose 0 = 4*p + 4*q - 2*q - 40876, -5*p = -3*q - 51095. Suppose -43*v + p = -3369. What are the prime factors of v?
2, 79
Suppose -5*a - 5*l = -l + 65, 2 = 2*a - 4*l. Let t be 30/(-8) - (-54)/72. List the prime factors of 0 - t/(a/(-204)).
2, 17
Suppose -f - 530 = 4*s, -s - 129 = 5*f - 3*f. Let r = s + 154. List the prime factors of r.
3, 7
List the prime factors of (-913744)/(-69) + 3/(9/4).
2, 7, 11, 43
Let a(m) = -m**3 - 75*m**2 - 466*m - 167. What are the prime factors of a(-70)?
3, 11, 241
Let o(f) be the second derivative of f**5/10 - 23*f**4/12 + 4*f**3/3 - 9*f**2/2 - 5*f + 2. List the prime factors of o(12).
3, 7, 11
Let q(v) = 3*v**2 - 55*v + 33. Let c = 117 + -92. List the prime factors of q(c).
13, 41
Suppose -3*k - 51 = -165. Suppose -h = -3*r - 6*h + 14, 0 = r - 5*h - k. Let x(g) = g**2 - 6*g - 17. List the prime factors of x(r).
2, 37
Let n = -3224 - -4584. Suppose 12 = -3*g, 5*j = j + 4*g + n. What are the prime factors of j?
2, 3, 7
Suppose 57*k - 22 = 35*k. Let s(m) = 459*m**3 + 2*m**2 + 6*m - 7. What are the prime factors of s(k)?
2, 5, 23
Let s be 4/(-6) + 302/(-6). Let m be (-136)/s*6/4. Suppose -80 = -4*q - 3*j, 0*j + 60 = 3*q - m*j. What are the prime factors of q?
2, 5
Suppose -6202*r - 386578 = -6220*r - 105346. What are the prime factors of r?
2, 3, 7, 31
Suppose -5*p = 3 + 127. Let m = -20 - p. List the prime factors of 3*m/(-9) - -5.
3
Suppose -5*s + 2*v = 599, -3*s - 248 = -2*v + 113. Let l be 6/(-14) - 16354/s. Suppose -2*q - l = -3*f, 2*f + q + q - 78 = 0. List the prime factors of f.
43
Let c = 13905 + -8055. List the prime factors of c.
2, 3, 5, 13
Suppose -2*s + 5*y = -14905, -7453 = -s - 29*y + 31*y. List the prime factors of s.
3, 5, 7, 71
Suppose -288*d + 97*d = 665935 - 3798717. What are the prime factors of d?
2, 59, 139
Let b(v) be the second derivative of 187*v**3/6 + 79*v**2/2 - 9*v + 3. What are the prime factors of b(2)?
3, 151
Suppose 3*q + q + 306 = j, 958 = 3*j - 2*q. Let h = 659 - j. What are the prime factors of h?
337
Let r = -5333 + 8576. What are the prime factors of r?
3, 23, 47
Let w(f) = -554*f - 30. Let a be w(-1). Suppose 5*b = -3*z + 793, -a = -54*z + 52*z - b. What are the prime factors of z?
3, 29
Let n = -374 - -2870. Suppose n = 11*g + g. What are the prime factors of g?
2, 13
Let p(g) = 29*g**3 - 49*g**2 - 16*g - 15. List the prime factors of p(9).
3, 53, 107
Let d(b) = b**3 - 16*b**2 + 11. Let p be d(16). Let v = p + 10. What are the prime factors of v?
3, 7
Suppose 4*g = -0*g - 20, 4*o + 3868 = 4*g. Let s = 2360 + o. What are the prime factors of s?
2, 347
What are the prime factors of -13 + (4492 - (3 - 2))?
2, 2239
Suppose 10*g - 41 = -1. Suppose -3*b + 1377 = 2*n, -718 = 3*b - g*n - 2077. What are the prime factors of b?
457
Let t be 16/(-104) + 1441/(-13). Suppose -k - 92 = 71. Let w = t - k. List the prime factors of w.
2, 13
Suppose x - 3*y - 9276 = 6034, 5*y = -4*x + 61138. What are the prime factors of x?
2, 3823
Suppose 4*h - 1062 = 298. Let q = -316 - -167. Let o = h + q. What are the prime factors of o?
191
Let c = -63345 + 93179. What are the prime factors of c?
2, 7, 2131
Let n(x) = -x**2 + 6*x - 1. Let m be n(5). Suppose 1276 = -m*g - 132. What are the prime factors of (-1 + 83/(-4))/(132/g)?
2, 29
Suppose 0 = -5*s + 113 + 182. Suppose 93*m - 94*m = -s. What are the prime factors of m?
59
Suppose 50*l = -12*l - 11*l + 1508910. What are the prime factors of l?
2, 3, 5, 13, 53
Suppose 4*x = 3*g - 31630, -202*g + 3*x - 42165 = -206*g. List the prime factors of g.
2, 3, 7, 251
Let d = -55591 - -104884. What are the prime factors of d?
3, 5477
Let g be (7*1/(-2))/(3/(-36)). Suppose -8*d = -d - g. Let w = 26 - d. What are the prime factors of w?
2, 5
Suppose -2*i - 15 = -41*p + 44*p, p = 3*i - 16. Let m(q) = -q**2 - 10*q + 1 + q + 3. What are the prime factors of m(p)?
2, 3
Let m = -7161 + 62035. What are the prime factors of m?
2, 27437
List the prime factors of (1764/(-35))/6*-1125 - (-1 - -6).
5, 1889
Let f(d) = -13*d - 100. Let l be f(-8). Suppose 0*n - l*v - 1372 = -4*n, 1029 = 3*n - 2*v. What are the prime factors of n?
7
Let q = -25397 - -41961. What are the prime factors of q?
2, 41, 101
Let s(h) = -5*h - 6. Let x be s(-2). Suppose -i - 2*d + x*d + 2417 = 0, 3*d = -12. Suppose -3*w + i = 8*w. List the prime factors of w.
3, 73
Let x = 325 + -323. Suppose 2*i - 1654 = y, 0 = -x*i + i + 5*y + 818. List the prime factors of i.
2, 3, 23
Let d(l) = l**3 + 16*l**2 + 14*l - 2. Let w be (-8 + 5)*10/2. Let q be d(w). Suppose 0 = -q*k + k + 1176. List the prime factors of k.
2, 7
Suppose -a + 4*y = 1997 - 10400, y + 16834 = 2*a. List the prime factors of a.
8419
Suppose 0 = -5*v + 4*g - 40, -3*v + 3*g = 2*g + 17. List the prime factors of (6 - (-277 + -7)) + v.
2, 11, 13
Suppose -31*k + 18*k - 376056 = -21*k. What are the prime factors of k?
3, 1741
Suppose -3*m + 29140 = 17*m. Let l = m - 866. What are the prime factors of l?
3, 197
Let x(y) = -y**3 + 19*y**2 + 21*y - 12. Let n be x(20). What are the prime factors of (-12)/n*(-3772)/6?
23, 41
Let i(j) = j**3 - 12*j**2 + 3*j + 25. Let m be i(15). What are the prime factors of (4 - 44/8)*(3 - m)?
3, 7, 53
Suppose -40*a + 255 = -37*a. Let t = -199 + a. Let s = -55 - t. What are the prime factors of s?
59
Let d = 27 - 194. Suppose 5*l + 4*i + 328 + 1122 = 0, 4*l - 4*i = -1160. Let u = d - l. What are the prime factors of u?
3, 41
Suppose -g = 3, 0 = 4*n + 7*g - 4*g - 11. Let w(b) = 3 + 9*b**2 - 8*b - 3*b**2 + 0*b. What are the prime factors of w(n)?
113
Suppose 5*a + z - 88 = 0, -a - 37 = -3*a - z. Let t(p) = p**2 - 18*p + 129. What are the prime factors of t(a)?
2, 7
Let a be (-1)/(-2) - (-7 + 7/2). Suppo